{"id":782,"date":"2023-12-22T12:12:35","date_gmt":"2023-12-22T18:12:35","guid":{"rendered":"https:\/\/quimbioteclaboratorios.com.mx\/?page_id=782"},"modified":"2026-01-24T14:03:47","modified_gmt":"2026-01-24T20:03:47","slug":"todos-los-productos","status":"publish","type":"page","link":"https:\/\/quimbioteclaboratorios.com.mx\/?page_id=782","title":{"rendered":"Todos los Productos"},"content":{"rendered":"\t\t<div data-elementor-type=\"wp-page\" data-elementor-id=\"782\" class=\"elementor elementor-782\" data-elementor-post-type=\"page\">\n\t\t\t\t\t\t<section class=\"elementor-section elementor-top-section elementor-element elementor-element-e6e291e elementor-section-full_width elementor-section-content-top elementor-section-height-default elementor-section-height-default\" data-id=\"e6e291e\" data-element_type=\"section\">\n\t\t\t\t\t\t<div class=\"elementor-container elementor-column-gap-default\">\n\t\t\t\t\t<div class=\"elementor-column elementor-col-100 elementor-top-column elementor-element elementor-element-6c478af\" data-id=\"6c478af\" data-element_type=\"column\">\n\t\t\t<div class=\"elementor-widget-wrap elementor-element-populated\">\n\t\t\t\t\t\t<div class=\"elementor-element elementor-element-9d8ede6 premium-header-inline premium-lq__none premium-box-lq__none elementor-widget elementor-widget-premium-addon-dual-header\" data-id=\"9d8ede6\" data-element_type=\"widget\" data-widget_type=\"premium-addon-dual-header.default\">\n\t\t\t\t\t\r\n\t\t<div class=\"elementor-widget-container\">\r\n\t\t\t\t\t<h2 class=\"premium-dual-header-first-header \"><span class=\"premium-dual-header-first-span\">Todos los <\/span><span class=\"premium-dual-header-second-header \">Productos<\/span><\/h2> \t\t\t\t<\/div>\r\n\r\n\t\t\t\t\t\t<\/div>\n\t\t\t\t<div class=\"elementor-element elementor-element-53efe7f elementor-widget-divider--view-line elementor-widget elementor-widget-divider\" data-id=\"53efe7f\" data-element_type=\"widget\" data-widget_type=\"divider.default\">\n\t\t\t\t\t\t\t<div class=\"elementor-divider\">\n\t\t\t<span class=\"elementor-divider-separator\">\n\t\t\t\t\t\t<\/span>\n\t\t<\/div>\n\t\t\t\t\t\t<\/div>\n\t\t\t\t<div class=\"elementor-element elementor-element-79875dd elementor-widget elementor-widget-text-editor\" data-id=\"79875dd\" data-element_type=\"widget\" data-widget_type=\"text-editor.default\">\n\t\t\t\t\t\t\t\t\t<p>Aqu\u00ed encontrar\u00e1s todos Nuestros Productos<\/p>\t\t\t\t\t\t\t\t<\/div>\n\t\t\t\t\t<\/div>\n\t\t<\/div>\n\t\t\t\t\t<\/div>\n\t\t<\/section>\n\t\t\t\t<section class=\"elementor-section elementor-top-section elementor-element elementor-element-a942940 elementor-section-boxed elementor-section-height-default elementor-section-height-default\" data-id=\"a942940\" data-element_type=\"section\">\n\t\t\t\t\t\t<div class=\"elementor-container elementor-column-gap-default\">\n\t\t\t\t\t<div class=\"elementor-column elementor-col-100 elementor-top-column elementor-element elementor-element-246bd35\" data-id=\"246bd35\" data-element_type=\"column\">\n\t\t\t<div class=\"elementor-widget-wrap elementor-element-populated\">\n\t\t\t\t\t\t<div class=\"elementor-element elementor-element-32933dc elementor-align-0 elementor-widget elementor-widget-shopengine-advanced-search\" data-id=\"32933dc\" data-element_type=\"widget\" data-settings=\"{&quot;shopengine_advanced_search_disable_category_btn&quot;:&quot;none&quot;,&quot;shopengine_advanced_search_disable_category_btn_tablet&quot;:&quot;block&quot;,&quot;shopengine_advanced_search_disable_category_btn_mobile&quot;:&quot;none&quot;}\" data-widget_type=\"shopengine-advanced-search.default\">\n\t\t\t\t\t<div class=\"shopengine shopengine-widget\"><div class=\"shopengine-advanced-search\">\n    <form method=\"GET\" action=\"https:\/\/quimbioteclaboratorios.com.mx\/index.php?rest_route=\/shopengine\/v1\/advanced-search\/\"\n          class=\"shopengine-search-form\">\n        <input type=\"hidden\" id=\"nonce\" name=\"nonce\" value=\"d4660172ac\" \/><input type=\"hidden\" name=\"_wp_http_referer\" value=\"\/index.php?rest_route=%2Fwp%2Fv2%2Fpages%2F782\" \/>        <input type=\"hidden\" name=\"post_type\" value=\"product\"\/>\n\n        <div class=\"search-input-group\">\n\n            <!-- search button -->\n            <button type=\"submit\" class=\"search-btn\">\n\t\t\t\t<i aria-hidden=\"true\" class=\"fas fa-search\"><\/i>\n\t\t\t\t            <\/button>\n            <!-- search input -->\n            <input type=\"search\" name=\"s\" class=\"shopengine-advanced-search-input\"\n                   placeholder=\"Search for Products...\">\n\n            <!-- search category -->\n            <div class=\"shopengine-category-select-wraper\">\n                <select class=\"shopengine-ele-nav-search-select\" name=\"product_cat\">\n                    <option value=\"\"><\/option>\n\t\t\t\t\t\t\t\t\t\t\t                            <option\n                                                                        class=\"\"\n                                    value=\"36\">\n\t\t\t\t\t\t\t\tNico Matapiojos                            <\/option>\n\t\t\t\t\t\t                            <option\n                                                                        class=\"\"\n                                    value=\"33\">\n\t\t\t\t\t\t\t\tProductos de Ba\u00f1o                            <\/option>\n\t\t\t\t\t\t                            <option\n                                                                        class=\"\"\n                                    value=\"31\">\n\t\t\t\t\t\t\t\tDesmaquillantes                            <\/option>\n\t\t\t\t\t\t                            <option\n                                                                        class=\"\"\n                                    value=\"30\">\n\t\t\t\t\t\t\t\tBody Mist                            <\/option>\n\t\t\t\t\t\t                            <option\n                                                                        class=\"\"\n                                    value=\"29\">\n\t\t\t\t\t\t\t\tAromaterapia                            <\/option>\n\t\t\t\t\t\t                            <option\n                                                                        class=\"\"\n                                    value=\"21\">\n\t\t\t\t\t\t\t\tNico Desinfectante Superficies y Objetos                            <\/option>\n\t\t\t\t\t\t                            <option\n                                                                        class=\"\"\n                                    value=\"20\">\n\t\t\t\t\t\t\t\tProductos para Peinar y Amoldar el Cabello                            <\/option>\n\t\t\t\t\t\t                            <option\n                                                                        class=\"\"\n                                    value=\"19\">\n\t\t\t\t\t\t\t\tCosm\u00e9tica de Especialidad                            <\/option>\n\t\t\t\t\t\t                            <option\n                                                                        class=\"\"\n                                    value=\"18\">\n\t\t\t\t\t\t\t\tProductos para SPA                            <\/option>\n\t\t\t\t\t\t                            <option\n                                                                        class=\"\"\n                                    value=\"17\">\n\t\t\t\t\t\t\t\tB\u00e1lsamos Labiales                            <\/option>\n\t\t\t\t\t\t\t\t\t\t\t                <\/select>\n            <\/div>\n\n        <\/div>\n\n        <div class=\"shopengine-search-result-container\">\n            <div class=\"shopengine-search-result\">\n\n            <\/div>\n        <\/div>\n\n    <\/form>\n<\/div>\n<\/div>\t\t\t\t<\/div>\n\t\t\t\t<div class=\"elementor-element elementor-element-e33ed77 elementor-widget elementor-widget-spacer\" data-id=\"e33ed77\" data-element_type=\"widget\" data-widget_type=\"spacer.default\">\n\t\t\t\t\t\t\t<div class=\"elementor-spacer\">\n\t\t\t<div class=\"elementor-spacer-inner\"><\/div>\n\t\t<\/div>\n\t\t\t\t\t\t<\/div>\n\t\t\t\t<div class=\"elementor-element elementor-element-de739a4 premium-woo-product-align-center premium-qv-hidden-yes elementor-widget elementor-widget-premium-woo-products\" data-id=\"de739a4\" data-element_type=\"widget\" data-widget_type=\"premium-woo-products.grid-1\">\n\t\t\t\t<div class=\"elementor-widget-container\">\n\t\t\t\t\t<div class=\"premium-woocommerce premium-woo-products-grid premium-woo-skin-grid-1 premium-woo-query-all\" data-page-id=\"782\" data-skin=\"grid_1\" data-quick-view=\"yes\"><div class=\"premium-woo-products-inner premium-woo-product__hover-swap\"><ul class=\"products columns-3\">\n\r\n<li class=\" post-7218 product first instock shipping-taxable purchasable product-type-simple\">\r\n\t<div class=\"premium-woo-product-wrapper premium-con-lq__none\">\r\n\t\t<div class=\"premium-woo-product-thumbnail\"><a href=\"https:\/\/quimbioteclaboratorios.com.mx\/?product=shampoo-de-romero\" class=\"woocommerce-LoopProduct-link woocommerce-loop-product__link\"><img decoding=\"async\" data-src=\"https:\/\/quimbioteclaboratorios.com.mx\/wp-content\/uploads\/2026\/01\/champoo-500ml-romero-scaled.webp\" alt=\"\" src=\"data:image\/svg+xml;base64,PHN2ZyB3aWR0aD0iMSIgaGVpZ2h0PSIxIiB4bWxucz0iaHR0cDovL3d3dy53My5vcmcvMjAwMC9zdmciPjwvc3ZnPg==\" class=\"lazyload\" style=\"--smush-placeholder-width: 2048px; --smush-placeholder-aspect-ratio: 2048\/2560;\"><\/a><div class=\"premium-woo-qv-btn premium-woo-qv-btn-translate\" data-product-id=\"7218\">Vista r\u00e1pida<i class=\"premium-woo-qv-icon fa fa-eye\" aria-hidden=\"true\"><\/i><\/div><\/div><div class=\"premium-woo-products-details-wrap\"><a href=\"https:\/\/quimbioteclaboratorios.com.mx\/?product=shampoo-de-romero\" class=\"premium-woo-product__link\"><h2 class=\"woocommerce-loop-product__title\">Shampoo de Romero 500 ml<\/h2><\/a>\t\t\t<span class=\"premium-woo-product-category\">\r\n\t\t\t\tProductos de Ba\u00f1o\t\t\t<\/span>\r\n\t\t\t\n\t<span class=\"price\"><span class=\"woocommerce-Price-amount amount\"><bdi><span class=\"woocommerce-Price-currencySymbol\">&#36;<\/span>220.00<\/bdi><\/span><\/span>\n<\/div>\t<\/div>\r\n<\/li>\r\n\r\n<li class=\" post-7224 product  instock shipping-taxable purchasable product-type-simple\">\r\n\t<div class=\"premium-woo-product-wrapper premium-con-lq__none\">\r\n\t\t<div class=\"premium-woo-product-thumbnail\"><a href=\"https:\/\/quimbioteclaboratorios.com.mx\/?product=shampoo-de-romero-250-ml\" class=\"woocommerce-LoopProduct-link woocommerce-loop-product__link\"><img decoding=\"async\" data-src=\"https:\/\/quimbioteclaboratorios.com.mx\/wp-content\/uploads\/2026\/01\/shampoo-250ml-romero-scaled.webp\" alt=\"\" src=\"data:image\/svg+xml;base64,PHN2ZyB3aWR0aD0iMSIgaGVpZ2h0PSIxIiB4bWxucz0iaHR0cDovL3d3dy53My5vcmcvMjAwMC9zdmciPjwvc3ZnPg==\" class=\"lazyload\" style=\"--smush-placeholder-width: 2048px; --smush-placeholder-aspect-ratio: 2048\/2560;\"><\/a><div class=\"premium-woo-qv-btn premium-woo-qv-btn-translate\" data-product-id=\"7224\">Vista r\u00e1pida<i class=\"premium-woo-qv-icon fa fa-eye\" aria-hidden=\"true\"><\/i><\/div><\/div><div class=\"premium-woo-products-details-wrap\"><a href=\"https:\/\/quimbioteclaboratorios.com.mx\/?product=shampoo-de-romero-250-ml\" class=\"premium-woo-product__link\"><h2 class=\"woocommerce-loop-product__title\">Shampoo de Romero 250 ml<\/h2><\/a>\t\t\t<span class=\"premium-woo-product-category\">\r\n\t\t\t\tProductos de Ba\u00f1o\t\t\t<\/span>\r\n\t\t\t\n\t<span class=\"price\"><span class=\"woocommerce-Price-amount amount\"><bdi><span class=\"woocommerce-Price-currencySymbol\">&#36;<\/span>130.00<\/bdi><\/span><\/span>\n<\/div>\t<\/div>\r\n<\/li>\r\n\r\n<li class=\" post-7229 product last instock shipping-taxable purchasable product-type-simple\">\r\n\t<div class=\"premium-woo-product-wrapper premium-con-lq__none\">\r\n\t\t<div class=\"premium-woo-product-thumbnail\"><a href=\"https:\/\/quimbioteclaboratorios.com.mx\/?product=shampoo-de-romero-60-ml\" class=\"woocommerce-LoopProduct-link woocommerce-loop-product__link\"><img decoding=\"async\" data-src=\"https:\/\/quimbioteclaboratorios.com.mx\/wp-content\/uploads\/2026\/01\/shampoo-60ml-romero-scaled.webp\" alt=\"\" src=\"data:image\/svg+xml;base64,PHN2ZyB3aWR0aD0iMSIgaGVpZ2h0PSIxIiB4bWxucz0iaHR0cDovL3d3dy53My5vcmcvMjAwMC9zdmciPjwvc3ZnPg==\" class=\"lazyload\" style=\"--smush-placeholder-width: 2048px; --smush-placeholder-aspect-ratio: 2048\/2560;\"><\/a><div class=\"premium-woo-qv-btn premium-woo-qv-btn-translate\" data-product-id=\"7229\">Vista r\u00e1pida<i class=\"premium-woo-qv-icon fa fa-eye\" aria-hidden=\"true\"><\/i><\/div><\/div><div class=\"premium-woo-products-details-wrap\"><a href=\"https:\/\/quimbioteclaboratorios.com.mx\/?product=shampoo-de-romero-60-ml\" class=\"premium-woo-product__link\"><h2 class=\"woocommerce-loop-product__title\">Shampoo de Romero 60 ml<\/h2><\/a>\t\t\t<span class=\"premium-woo-product-category\">\r\n\t\t\t\tProductos de Ba\u00f1o\t\t\t<\/span>\r\n\t\t\t\n\t<span class=\"price\"><span class=\"woocommerce-Price-amount amount\"><bdi><span class=\"woocommerce-Price-currencySymbol\">&#36;<\/span>45.00<\/bdi><\/span><\/span>\n<\/div>\t<\/div>\r\n<\/li>\r\n\r\n<li class=\" post-7252 product first instock shipping-taxable purchasable product-type-simple\">\r\n\t<div class=\"premium-woo-product-wrapper premium-con-lq__none\">\r\n\t\t<div class=\"premium-woo-product-thumbnail\"><a href=\"https:\/\/quimbioteclaboratorios.com.mx\/?product=shampoo-de-calendula-500-ml\" class=\"woocommerce-LoopProduct-link woocommerce-loop-product__link\"><img decoding=\"async\" data-src=\"https:\/\/quimbioteclaboratorios.com.mx\/wp-content\/uploads\/2026\/01\/champoo-500ml-calendula-scaled.webp\" alt=\"\" src=\"data:image\/svg+xml;base64,PHN2ZyB3aWR0aD0iMSIgaGVpZ2h0PSIxIiB4bWxucz0iaHR0cDovL3d3dy53My5vcmcvMjAwMC9zdmciPjwvc3ZnPg==\" class=\"lazyload\" style=\"--smush-placeholder-width: 2048px; --smush-placeholder-aspect-ratio: 2048\/2560;\"><\/a><div class=\"premium-woo-qv-btn premium-woo-qv-btn-translate\" data-product-id=\"7252\">Vista r\u00e1pida<i class=\"premium-woo-qv-icon fa fa-eye\" aria-hidden=\"true\"><\/i><\/div><\/div><div class=\"premium-woo-products-details-wrap\"><a href=\"https:\/\/quimbioteclaboratorios.com.mx\/?product=shampoo-de-calendula-500-ml\" class=\"premium-woo-product__link\"><h2 class=\"woocommerce-loop-product__title\">Shampoo de Cal\u00e9ndula 500 ml<\/h2><\/a>\t\t\t<span class=\"premium-woo-product-category\">\r\n\t\t\t\tProductos de Ba\u00f1o\t\t\t<\/span>\r\n\t\t\t\n\t<span class=\"price\"><span class=\"woocommerce-Price-amount amount\"><bdi><span class=\"woocommerce-Price-currencySymbol\">&#36;<\/span>220.00<\/bdi><\/span><\/span>\n<\/div>\t<\/div>\r\n<\/li>\r\n\r\n<li class=\" post-7254 product  instock shipping-taxable purchasable product-type-simple\">\r\n\t<div class=\"premium-woo-product-wrapper premium-con-lq__none\">\r\n\t\t<div class=\"premium-woo-product-thumbnail\"><a href=\"https:\/\/quimbioteclaboratorios.com.mx\/?product=shampoo-de-calendula-250-ml\" class=\"woocommerce-LoopProduct-link woocommerce-loop-product__link\"><img decoding=\"async\" data-src=\"https:\/\/quimbioteclaboratorios.com.mx\/wp-content\/uploads\/2026\/01\/shampoo-250ml-calendula-scaled.webp\" alt=\"\" src=\"data:image\/svg+xml;base64,PHN2ZyB3aWR0aD0iMSIgaGVpZ2h0PSIxIiB4bWxucz0iaHR0cDovL3d3dy53My5vcmcvMjAwMC9zdmciPjwvc3ZnPg==\" class=\"lazyload\" style=\"--smush-placeholder-width: 2048px; --smush-placeholder-aspect-ratio: 2048\/2560;\"><\/a><div class=\"premium-woo-qv-btn premium-woo-qv-btn-translate\" data-product-id=\"7254\">Vista r\u00e1pida<i class=\"premium-woo-qv-icon fa fa-eye\" aria-hidden=\"true\"><\/i><\/div><\/div><div class=\"premium-woo-products-details-wrap\"><a href=\"https:\/\/quimbioteclaboratorios.com.mx\/?product=shampoo-de-calendula-250-ml\" class=\"premium-woo-product__link\"><h2 class=\"woocommerce-loop-product__title\">Shampoo de Cal\u00e9ndula 250 ml<\/h2><\/a>\t\t\t<span class=\"premium-woo-product-category\">\r\n\t\t\t\tProductos de Ba\u00f1o\t\t\t<\/span>\r\n\t\t\t\n\t<span class=\"price\"><span class=\"woocommerce-Price-amount amount\"><bdi><span class=\"woocommerce-Price-currencySymbol\">&#36;<\/span>130.00<\/bdi><\/span><\/span>\n<\/div>\t<\/div>\r\n<\/li>\r\n\r\n<li class=\" post-7256 product last instock shipping-taxable purchasable product-type-simple\">\r\n\t<div class=\"premium-woo-product-wrapper premium-con-lq__none\">\r\n\t\t<div class=\"premium-woo-product-thumbnail\"><a href=\"https:\/\/quimbioteclaboratorios.com.mx\/?product=shampoo-de-calendula-60-ml\" class=\"woocommerce-LoopProduct-link woocommerce-loop-product__link\"><img decoding=\"async\" data-src=\"https:\/\/quimbioteclaboratorios.com.mx\/wp-content\/uploads\/2026\/01\/shampoo-60ml-calendula-scaled.webp\" alt=\"\" src=\"data:image\/svg+xml;base64,PHN2ZyB3aWR0aD0iMSIgaGVpZ2h0PSIxIiB4bWxucz0iaHR0cDovL3d3dy53My5vcmcvMjAwMC9zdmciPjwvc3ZnPg==\" class=\"lazyload\" style=\"--smush-placeholder-width: 2048px; --smush-placeholder-aspect-ratio: 2048\/2560;\"><\/a><div class=\"premium-woo-qv-btn premium-woo-qv-btn-translate\" data-product-id=\"7256\">Vista r\u00e1pida<i class=\"premium-woo-qv-icon fa fa-eye\" aria-hidden=\"true\"><\/i><\/div><\/div><div class=\"premium-woo-products-details-wrap\"><a href=\"https:\/\/quimbioteclaboratorios.com.mx\/?product=shampoo-de-calendula-60-ml\" class=\"premium-woo-product__link\"><h2 class=\"woocommerce-loop-product__title\">Shampoo de Cal\u00e9ndula 60 ml<\/h2><\/a>\t\t\t<span class=\"premium-woo-product-category\">\r\n\t\t\t\tProductos de Ba\u00f1o\t\t\t<\/span>\r\n\t\t\t\n\t<span class=\"price\"><span class=\"woocommerce-Price-amount amount\"><bdi><span class=\"woocommerce-Price-currencySymbol\">&#36;<\/span>45.00<\/bdi><\/span><\/span>\n<\/div>\t<\/div>\r\n<\/li>\r\n\r\n<li class=\" post-7257 product first instock shipping-taxable purchasable product-type-simple\">\r\n\t<div class=\"premium-woo-product-wrapper premium-con-lq__none\">\r\n\t\t<div class=\"premium-woo-product-thumbnail\"><a href=\"https:\/\/quimbioteclaboratorios.com.mx\/?product=shampoo-de-miel-500-ml\" class=\"woocommerce-LoopProduct-link woocommerce-loop-product__link\"><img decoding=\"async\" data-src=\"https:\/\/quimbioteclaboratorios.com.mx\/wp-content\/uploads\/2026\/01\/champoo-500ml-miel-scaled.webp\" alt=\"\" src=\"data:image\/svg+xml;base64,PHN2ZyB3aWR0aD0iMSIgaGVpZ2h0PSIxIiB4bWxucz0iaHR0cDovL3d3dy53My5vcmcvMjAwMC9zdmciPjwvc3ZnPg==\" class=\"lazyload\" style=\"--smush-placeholder-width: 2048px; --smush-placeholder-aspect-ratio: 2048\/2560;\"><\/a><div class=\"premium-woo-qv-btn premium-woo-qv-btn-translate\" data-product-id=\"7257\">Vista r\u00e1pida<i class=\"premium-woo-qv-icon fa fa-eye\" aria-hidden=\"true\"><\/i><\/div><\/div><div class=\"premium-woo-products-details-wrap\"><a href=\"https:\/\/quimbioteclaboratorios.com.mx\/?product=shampoo-de-miel-500-ml\" class=\"premium-woo-product__link\"><h2 class=\"woocommerce-loop-product__title\">Shampoo de Miel 500 ml<\/h2><\/a>\t\t\t<span class=\"premium-woo-product-category\">\r\n\t\t\t\tProductos de Ba\u00f1o\t\t\t<\/span>\r\n\t\t\t\n\t<span class=\"price\"><span class=\"woocommerce-Price-amount amount\"><bdi><span class=\"woocommerce-Price-currencySymbol\">&#36;<\/span>220.00<\/bdi><\/span><\/span>\n<\/div>\t<\/div>\r\n<\/li>\r\n\r\n<li class=\" post-7260 product  instock shipping-taxable purchasable product-type-simple\">\r\n\t<div class=\"premium-woo-product-wrapper premium-con-lq__none\">\r\n\t\t<div class=\"premium-woo-product-thumbnail\"><a href=\"https:\/\/quimbioteclaboratorios.com.mx\/?product=shampoo-de-miel-250-ml\" class=\"woocommerce-LoopProduct-link woocommerce-loop-product__link\"><img decoding=\"async\" data-src=\"https:\/\/quimbioteclaboratorios.com.mx\/wp-content\/uploads\/2026\/01\/shampoo-250ml-miel-scaled.webp\" alt=\"\" src=\"data:image\/svg+xml;base64,PHN2ZyB3aWR0aD0iMSIgaGVpZ2h0PSIxIiB4bWxucz0iaHR0cDovL3d3dy53My5vcmcvMjAwMC9zdmciPjwvc3ZnPg==\" class=\"lazyload\" style=\"--smush-placeholder-width: 2048px; --smush-placeholder-aspect-ratio: 2048\/2560;\"><\/a><div class=\"premium-woo-qv-btn premium-woo-qv-btn-translate\" data-product-id=\"7260\">Vista r\u00e1pida<i class=\"premium-woo-qv-icon fa fa-eye\" aria-hidden=\"true\"><\/i><\/div><\/div><div class=\"premium-woo-products-details-wrap\"><a href=\"https:\/\/quimbioteclaboratorios.com.mx\/?product=shampoo-de-miel-250-ml\" class=\"premium-woo-product__link\"><h2 class=\"woocommerce-loop-product__title\">Shampoo de Miel 250 ml<\/h2><\/a>\t\t\t<span class=\"premium-woo-product-category\">\r\n\t\t\t\tProductos de Ba\u00f1o\t\t\t<\/span>\r\n\t\t\t\n\t<span class=\"price\"><span class=\"woocommerce-Price-amount amount\"><bdi><span class=\"woocommerce-Price-currencySymbol\">&#36;<\/span>130.00<\/bdi><\/span><\/span>\n<\/div>\t<\/div>\r\n<\/li>\r\n\r\n<li class=\" post-7261 product last instock shipping-taxable purchasable product-type-simple\">\r\n\t<div class=\"premium-woo-product-wrapper premium-con-lq__none\">\r\n\t\t<div class=\"premium-woo-product-thumbnail\"><a href=\"https:\/\/quimbioteclaboratorios.com.mx\/?product=shampoo-de-miel-60-ml\" class=\"woocommerce-LoopProduct-link woocommerce-loop-product__link\"><img decoding=\"async\" data-src=\"https:\/\/quimbioteclaboratorios.com.mx\/wp-content\/uploads\/2026\/01\/shampoo-60ml-miel-scaled.webp\" alt=\"\" src=\"data:image\/svg+xml;base64,PHN2ZyB3aWR0aD0iMSIgaGVpZ2h0PSIxIiB4bWxucz0iaHR0cDovL3d3dy53My5vcmcvMjAwMC9zdmciPjwvc3ZnPg==\" class=\"lazyload\" style=\"--smush-placeholder-width: 2048px; --smush-placeholder-aspect-ratio: 2048\/2560;\"><\/a><div class=\"premium-woo-qv-btn premium-woo-qv-btn-translate\" data-product-id=\"7261\">Vista r\u00e1pida<i class=\"premium-woo-qv-icon fa fa-eye\" aria-hidden=\"true\"><\/i><\/div><\/div><div class=\"premium-woo-products-details-wrap\"><a href=\"https:\/\/quimbioteclaboratorios.com.mx\/?product=shampoo-de-miel-60-ml\" class=\"premium-woo-product__link\"><h2 class=\"woocommerce-loop-product__title\">Shampoo de Miel 60 ml<\/h2><\/a>\t\t\t<span class=\"premium-woo-product-category\">\r\n\t\t\t\tProductos de Ba\u00f1o\t\t\t<\/span>\r\n\t\t\t\n\t<span class=\"price\"><span class=\"woocommerce-Price-amount amount\"><bdi><span class=\"woocommerce-Price-currencySymbol\">&#36;<\/span>45.00<\/bdi><\/span><\/span>\n<\/div>\t<\/div>\r\n<\/li>\r\n<\/ul>\n\t\t\t<div class=\"premium-woo-load-more\">\n\t\t\t\t<button class=\"premium-woo-load-more-btn\" data-products=\"100\" data-order=\"date ID\" data-tax=\"\">\n\t\t\t\t\t<span>Cargar m\u00e1s<\/span>\n\t\t\t\t\t<span class=\"premium-woo-products-num\">(100)<\/span>\n\t\t\t\t<\/button>\n\t\t\t<\/div>\n\t\t<\/div><\/div><div id=\"premium-woo-quick-view-de739a4\" class=\"premium-woo-quick-view-de739a4\">\r\n\t<div class=\"premium-woo-quick-view-back\">\r\n\t\t<div class=\"premium-woo-quick-view-loader\"><\/div>\r\n\t<\/div>\r\n\t<div id=\"premium-woo-quick-view-modal\">\r\n\t\t<div class=\"premium-woo-content-main-wrapper\"><!--\r\n\t\t--><div class=\"premium-woo-content-main\">\r\n\t\t\t\t<div class=\"premium-woo-lightbox-content\">\r\n\r\n\t\t\t\t\t<a href=\"#\" class=\"premium-woo-quick-view-close fa fa-window-close\"><\/a>\r\n\r\n\t\t\t\t\t<div id=\"premium-woo-quick-view-content\" class=\"woocommerce single-product\"><\/div>\r\n\t\t\t\t<\/div>\r\n\t\t\t<\/div>\r\n\t\t<\/div>\r\n\t<\/div>\r\n<\/div>\r\n\t\t\t\t<\/div>\n\t\t\t\t<\/div>\n\t\t\t\t\t<\/div>\n\t\t<\/div>\n\t\t\t\t\t<\/div>\n\t\t<\/section>\n\t\t\t\t<\/div>\n\t\t","protected":false},"excerpt":{"rendered":"<p>Todos los Productos Aqu\u00ed encontrar\u00e1s todos Nuestros Productos Nico Matapiojos Productos de Ba\u00f1o Desmaquillantes Body Mist Aromaterapia Nico Desinfectante Superficies y Objetos Productos para Peinar y Amoldar el Cabello Cosm\u00e9tica de Especialidad Productos para SPA B\u00e1lsamos Labiales Vista r\u00e1pida Shampoo de Romero 500 ml Productos de Ba\u00f1o &#36;220.00 Vista r\u00e1pida Shampoo de Romero 250 ml [&hellip;]<\/p>\n","protected":false},"author":1,"featured_media":0,"parent":0,"menu_order":0,"comment_status":"closed","ping_status":"closed","template":"","meta":{"footnotes":""},"class_list":["post-782","page","type-page","status-publish","hentry"],"_links":{"self":[{"href":"https:\/\/quimbioteclaboratorios.com.mx\/index.php?rest_route=\/wp\/v2\/pages\/782","targetHints":{"allow":["GET"]}}],"collection":[{"href":"https:\/\/quimbioteclaboratorios.com.mx\/index.php?rest_route=\/wp\/v2\/pages"}],"about":[{"href":"https:\/\/quimbioteclaboratorios.com.mx\/index.php?rest_route=\/wp\/v2\/types\/page"}],"author":[{"embeddable":true,"href":"https:\/\/quimbioteclaboratorios.com.mx\/index.php?rest_route=\/wp\/v2\/users\/1"}],"replies":[{"embeddable":true,"href":"https:\/\/quimbioteclaboratorios.com.mx\/index.php?rest_route=%2Fwp%2Fv2%2Fcomments&post=782"}],"version-history":[{"count":2,"href":"https:\/\/quimbioteclaboratorios.com.mx\/index.php?rest_route=\/wp\/v2\/pages\/782\/revisions"}],"predecessor-version":[{"id":7945,"href":"https:\/\/quimbioteclaboratorios.com.mx\/index.php?rest_route=\/wp\/v2\/pages\/782\/revisions\/7945"}],"wp:attachment":[{"href":"https:\/\/quimbioteclaboratorios.com.mx\/index.php?rest_route=%2Fwp%2Fv2%2Fmedia&parent=782"}],"curies":[{"name":"wp","href":"https:\/\/api.w.org\/{rel}","templated":true}]}}